ue
Suppose p = 4*n - 4*p - 3691, -2*p = 3*n - 2751. Suppose -6*z = -n - 3407. Is z a composite number?
True
Let m(l) = -122*l**3 - 9*l**2 - 15*l + 1. Is m(-3) a prime number?
True
Suppose -132 = -m - 3*m. Suppose -m*d - 1146 = -36*d. Is d prime?
False
Let j = 24 - 22. Suppose 4*i + 3*y - j = 0, 5*y = i - 4*i - 4. Is (i - 1 - -590)*1 composite?
True
Let c be (18/12)/((-3)/(-4)). Suppose 0 = -3*m - s + 214, 72 + c = m + 3*s. Let y = m - -196. Is y a prime number?
False
Let n be (-2)/(-5) + (-48)/(-5). Suppose 5*s = -2*z + 25, 0*s - n = 3*z - 2*s. Suppose z = -3*i + 300 + 369. Is i a composite number?
False
Let g(l) = -l + 4. Let i be g(6). Is (i - -3)/((-1)/(-1061)) composite?
False
Suppose 5*i - 67 - 19 = -2*g, 46 = g + 4*i. Is g prime?
False
Suppose 29*m + 84828 = 41*m. Is m prime?
True
Suppose 4*l = 3*l - 1. Let o be (-1)/(12/15 + l). Suppose k + 2*k + p = 228, o*p + 400 = 5*k. Is k a prime number?
False
Let p = 10748 - -23121. Is p prime?
False
Suppose 0 = -37*t + 34*t + 201. Let c(p) = 24*p**3 - p**2 + p - 1. Let j be c(2). Let h = j - t. Is h composite?
True
Suppose 0 = -5*k + 2*k + 12. Suppose -k*p + 47 = -1. Suppose p*x - 627 = 9*x. Is x a composite number?
True
Let n(c) = -c + 1. Let o be n(-3). Let w(p) = 3166*p - 57. Is w(o) prime?
False
Let i(u) = 9 + 33 - 17*u - 78*u. Is i(-5) a composite number?
True
Suppose 17*d - 86035 = -3*d + 5*a, -12894 = -3*d + 3*a. Is d a composite number?
True
Let w(k) be the third derivative of 13*k**8/20160 + k**7/1260 - k**6/360 + k**5/15 + 3*k**2. Let y(q) be the third derivative of w(q). Is y(3) a prime number?
True
Let t(p) = p**3 + 12*p**2 + 3*p + 39. Let n be t(-12). Suppose n*q - 8521 = -2782. Is q a prime number?
True
Let s(t) = 12*t**2 - 4*t. Let j be s(-3). Let p be (j/(-9) - 2)*21. Let c = 483 + p. Is c a prime number?
False
Let g(j) = -j**2 + 19*j + 13. Suppose -9 - 1 = -b. Is g(b) a prime number?
True
Let q(h) = 93*h - 40 - 33 + 0. Is q(22) prime?
True
Suppose 9*p = 7*p, 5*p - 17241 = -3*q. Is q a prime number?
False
Let f(d) = 138*d**2 + 6*d + 13. Is f(-5) composite?
False
Suppose -a - 3*a + 40 = 0. Let p = -6 + a. Suppose p*c - 232 = 44. Is c a prime number?
False
Suppose 2*t - 3*g = 3, 0*g = 5*t - 5*g - 15. Let i(w) = -w + 4*w**2 + 2*w**2 + 5 - 5*w**2. Is i(t) prime?
False
Let n(k) = -8*k + 2. Let c be n(-6). Suppose 5*l - a - 140 = -5*a, -2*l + 3*a + 33 = 0. Let i = c - l. Is i composite?
True
Let q(j) = -29*j - 184. Is q(-25) prime?
True
Suppose -6*r + 2*r = 8, -2*h + 5*r + 14 = 0. Suppose 3*q = h*y - 4*y + 179, -2*y - 116 = -2*q. Is q a prime number?
True
Let k = -19 - -7. Let u be ((-1)/2)/(2/k). Is u/((-3)/3) - -124 a composite number?
True
Suppose -s + 2*z = -12, 0*s - 3*z = -4*s + 28. Is 4158 - s/(12/15) a composite number?
False
Let c = 11 - -2. Let v = c + -8. Suppose -v*b + 25 = 0, 4*b - 1072 = -4*a + 1232. Is a prime?
True
Suppose 130 = 5*v + 105. Is (-6 + v)/((2/541)/(-2)) a composite number?
False
Suppose 0 = -3*r - t + 13989, 5*t + 527 = -r + 5190. Is r prime?
True
Suppose 2*a - a - 3*v - 10 = 0, -4*a - 3*v + 10 = 0. Suppose 4*u + a*q = 1640, -u - 6*q + 4*q = -411. Is u a composite number?
False
Suppose 1905 = 2*g + 13*g. Is g composite?
False
Let r be 17/(51/(-18))*9237/(-1). Is (1/(-2))/(5 + r/(-11084)) composite?
True
Suppose -3*j - 2*i + 4088 = -2*j, -4089 = -j - i. Suppose 1615 = 7*z - j. Is z composite?
True
Let l(d) = -2*d**3 - d**2 + 4*d + 6. Let t be 12/36 + 16/(-3). Is l(t) a composite number?
False
Let m(x) = -x**2 - 18*x - 19. Is m(-4) a composite number?
False
Let d(l) = -2*l - 1. Let z be d(-1). Let g(s) = 774*s**2 + 4*s - 7. Let h(t) = 516*t**2 + 3*t - 5. Let f(u) = 5*g(u) - 7*h(u). Is f(z) prime?
True
Suppose -16*i - 7*i + 185863 = 0. Is i prime?
True
Let n be (-8)/36 - 14/18. Let f(q) = -273*q + 3. Let k be f(n). Suppose k = 3*s + s. Is s a composite number?
True
Suppose 0 = 3*j - 7*p + 11*p - 5283, 0 = 2*j + 5*p - 3515. Let c = j + -668. Is c a composite number?
False
Suppose -5*n = 3 - 43. Suppose n*u - 3548 + 276 = 0. Is u a prime number?
True
Let d(b) = 4*b + 24. Let n be d(-5). Suppose 11*h - n*h = 3647. Is h a prime number?
True
Let a(y) = 6*y**3 - y**2. Let n be a(1). Suppose o = k + 222, 0 = n*o + k + 2*k - 1118. Is o a composite number?
False
Is 4/(-1)*28115/(-20) a prime number?
True
Let q(s) = 7*s - 23. Let r be q(19). Let z(m) = -m**3 + 3*m**2 + 8*m + 3. Let l be z(6). Let d = l + r. Is d composite?
False
Let m(v) = 0*v**2 + 42*v**2 - v + 0*v - 4*v**2 + 2. Let a(c) = c**3 + 10*c**2 + 8*c - 6. Let d be a(-9). Is m(d) a prime number?
False
Let x(g) = g**3 - 27*g**2 + 72*g + 67. Is x(24) a prime number?
True
Let t(s) = 5*s**2 + 5*s - 3. Let l(f) = 14*f**2 + 15*f - 8. Let w(b) = 4*l(b) - 11*t(b). Let r(m) = -m**2. Let k be r(3). Is w(k) composite?
False
Let l = 413 + -402. Let r(d) = 2 - 1 - 4*d**2 + 3*d + 5*d**2. Is r(l) a composite number?
True
Suppose 0 = -4*o - m + 52321, -o + 13078 = -0*o + m. Is o composite?
True
Let u = -31683 + 87446. Is u composite?
False
Let x be 15*((-24)/9 - -2). Let v be -1 + 1 + x/(-5). Suppose -27 + 7 = -v*w. Is w a composite number?
True
Let b(i) be the third derivative of -i**6/12 - i**5/60 - 5*i**4/24 - 3*i**3/2 - i**2. Is b(-4) composite?
True
Suppose -5*i + b = 1 + 3, 2*i + 5*b = 20. Suppose i = -h - 4*h + 1965. Is h a prime number?
False
Suppose -61 = -4*h + 27. Suppose 23 = -0*w + w + 5*y, -2*w - 4*y + h = 0. Suppose a - 218 = -a + 4*v, 3*v + 336 = w*a. Is a a prime number?
False
Let d(c) = -2*c**3 - 7*c**2 + 3*c + 11. Is d(-5) prime?
True
Let p = 20 + -35. Is 995/p*3/(-1) a composite number?
False
Is ((-6)/3 - -2) + 719*1 a composite number?
False
Let o(n) = -3*n**3 - 19*n**2 - 15*n - 15. Is o(-14) prime?
True
Suppose 0 = p - p + p. Suppose p = -2*f - 4*a, 0*f + 3*a = -f - 5. Is f composite?
True
Let x(d) = -52*d**2 + 0*d + 98*d**2 - 6*d - 17. Is x(-7) a prime number?
False
Is (5 - -4858)*(4 + -3) a prime number?
False
Let t(k) = k**3 + 4*k**2 - 6*k - 5. Let z be t(-5). Suppose z = -2*o + 6*o - 4276. Is o a composite number?
False
Let j(x) = -x**2 + 16*x - 20. Let r be j(14). Suppose 2*m - r = -0, 205 = z + 4*m. Let n = 146 + z. Is n composite?
True
Let t = 16 - 23. Let a(n) = -2*n - 8. Let q be a(t). Is 4 + q*(-326)/(-4) prime?
False
Let s = -17996 + 29859. Is s composite?
False
Suppose 4*i + 16 = 0, h = i + i + 8. Is 2/((-4)/(-148)*(h + 2)) composite?
False
Let r = 5 - 0. Suppose -2*o - 2*b - 2 = -4*o, 5*o = -r*b + 5. Suppose -o + 24 = z. Is z prime?
True
Suppose -23*a + 26852 = -115909. Is a a prime number?
False
Suppose 3*o - 8*o = -5*g - 25, 5*g = 3*o - 19. Let t = 2 - g. Is (-237 + 0)*(-5 + t) a composite number?
True
Let f = 6251 - 3474. Is f a prime number?
True
Let l = 46 - -26. Is 8/l + 17836/18 prime?
True
Let g be 20*(2 - 24/15). Suppose 1506 = 10*c - g*c. Let f = c + -442. Is f composite?
False
Let n(y) = 7365*y**3 - 3*y**2 + 5*y - 3. Let u be n(1). Suppose c + 3*c - u = 0. Is c a prime number?
False
Suppose 0 = -q + 5. Suppose -q*b + 5 = -15. Let c(m) = 38*m**2 + 5*m + 3. Is c(b) composite?
False
Is -5 + 6554/6 + 3/(-9) a prime number?
True
Let i = 8 + -6. Let r be (1523 - -1)*(8 - (-115)/(-15)). Is r/i*(-4)/(-8) prime?
True
Let r = 132196 + -75159. Is r composite?
False
Let w(b) = 57*b + 41. Let o be w(5). Is 18/54 - o/(-3) a composite number?
False
Let z = 222 + -113. Let h(w) = z + 2*w - 33*w**2 + 32*w**2 + 594. Is h(0) a composite number?
True
Let y be (-4)/(-14) - 20/70. Suppose y = 5*c + 92 - 707. Is c a prime number?
False
Suppose 81820 = -369*c + 373*c. Is c a composite number?
True
Let g be 2*(15573/6 - 2). Suppose 5*s = 7*v - 3*v + g, -2*s + 2086 = 4*v. Is s prime?
True
Let l(s) = 0*s + 0*s + 0*s - 2 + s. Let y be l(2). Suppose y = 4*v - 72 - 772. Is v a prime number?
True
Let b(f) = -37*f - 69. Is b(-28) a prime number?
True
Let o(s) = -4*s + 1. Let p be o(-2). Suppose -g - p = -243. Let n = g + -43. Is n prime?
True
Suppose -446 = 8*r - 9*r. Is r a composite number?
True
Let n be (-6)/24 - (-2914)/8. Suppose -51 = -5*f + n. Is f composite?
False
Let g(a) = 1070*a - 29. Is g(12) a composite number?
True
Let l(s) be the second derivative of 5*s**4/6 - s**3/3 - 11*s**2/2 + 19*s. Is l(8) composite?
False
Let z = -4 - -8. Suppose 270 = 2*d - 0*x - 2*x, 560 = z*d + x. Suppose j - 340 - d